osite number?
True
Let z = 69 - 63. Suppose -1218 = z*a - 15294. Let r = -1645 + a. Is r a prime number?
True
Suppose -12*o - 50 = -22*o. Suppose 21055 = 5*h - o*g, 0 = 2*g - 6*g. Is h composite?
False
Let q(j) be the third derivative of -313*j**4/24 - j**3/6 + 4*j**2 - 3. Is q(-14) composite?
True
Is ((-67295)/(-2))/5 + 114/76 a composite number?
True
Suppose -n + 31250 = 5*y + 2*n, -4*y + 25000 = -2*n. Is y + (-4 - -10) + -9 a composite number?
False
Suppose 0 = 127*h - 131*h - p + 18597, 0 = -4*h + 4*p + 18592. Let v = 14 - 10. Suppose 564 - h = -5*s - 2*l, -v*s + 3275 = 3*l. Is s prime?
False
Let s(g) = 3*g**2 - 10*g + 18. Let b be s(3). Let a = 17 - b. Is (-20388)/(-21) - a/(-14) a composite number?
False
Suppose -34613*x = -34615*x + 420338. Is x a prime number?
True
Suppose -324272 = -0*c - c + 3*k, -5*c = 2*k - 1621241. Is c a prime number?
True
Is (157303/4)/(14/112*2) a prime number?
True
Suppose 0 = -19*i + 25*i + 48. Let n(c) = -381*c - 24. Let j(t) = 191*t + 13. Let v(h) = -5*j(h) - 2*n(h). Is v(i) composite?
True
Let f = 66 + -50. Let z(w) = 99 - 33 - 51 - f*w. Is z(-19) composite?
True
Let m(g) = 29*g**3 + g**2 + g - 4. Let v be m(3). Suppose -19*s - 70166 = -20348. Let f = v - s. Is f a prime number?
True
Suppose 0 = -x - 5*u + 8306 + 15415, -2*u + 47474 = 2*x. Is x composite?
False
Suppose 2*f - 16 = c + 14, 0 = -5*f - 2*c + 66. Suppose 4*k + 2*r = 4658, 13 - f = r. Suppose 3*p - k = 2*p - 2*x, -3484 = -3*p + 5*x. Is p a prime number?
True
Let y be -5 + (-5 - (4 + -6) - 2295). Let q = -760 - y. Is q composite?
False
Let p = 233 + -228. Is 0 + 355/1 + -7 + p prime?
True
Suppose -34*n - 96 = -35*n. Is ((-448)/n)/((-4)/4206) a composite number?
True
Suppose 2 = 2*q + i - 6, -16 = -4*q + 3*i. Suppose -q = b - 5*b. Is 0/(b - 2) - -23 prime?
True
Let t = -1104193 - -1555107. Is t a prime number?
False
Is (6/(-9))/((-9)/(25233417/22)) prime?
True
Suppose k = -2*a + 77405, 2*a = k + a - 77423. Is k a prime number?
True
Is (84515/(-1) - (-20 - -22))/(-1) a prime number?
False
Let d be (-76)/(-114) + ((-400)/3)/(-1). Is (195 + -23)*d/8 prime?
False
Suppose 4*j - 9 = -13. Let m be (-5)/((-1)/(-1)*j). Suppose 0*g + 4*y - 14524 = -4*g, 2*y = -m*g + 18149. Is g prime?
False
Let t(r) = 19*r - 188. Let k be t(10). Let z = -1074 + 2575. Suppose k*x - 1021 = z. Is x a composite number?
True
Let l(m) = -m**3 - 16*m**2 - 13*m + 32. Let s be l(-15). Suppose 9*r - s*r = 581. Suppose 4965 = -r*c + 86*c. Is c composite?
True
Suppose 20905688 + 46387651 + 2976123 = 138*r. Is r composite?
True
Suppose -143*g = -145*g + 6. Suppose 9*y + 3661 = 2*a + 12*y, 0 = -a + g*y + 1808. Is a a composite number?
False
Let q(w) = 12 + 114*w + 156*w - 3 - 86*w. Let c(o) = o**3 + 8*o**2 - 2*o - 11. Let g be c(-8). Is q(g) a composite number?
False
Let r(v) = 51*v**2 + 32*v + 74. Is r(25) a prime number?
True
Let l(o) = -o**2 + 6*o - 4. Let i be l(2). Suppose -11284 = -i*u - 1476. Suppose 45*z - 41*z - u = 0. Is z prime?
True
Suppose 3*p - 816253 = -628062 + 758576. Is p composite?
False
Let n(t) = -756*t - 647. Is n(-21) a composite number?
True
Let y(q) = 176*q**2 - 9*q + 7. Let v be y(5). Suppose -v - 1578 = 10*s. Let n = s + 857. Is n a composite number?
False
Let x(d) be the third derivative of d**4/12 - 13*d**3/2 - 13*d**2. Let w be x(23). Is 35190/70 - (-2)/w prime?
True
Suppose f + 0 = 3. Suppose -4*k + f*w + 4 = 2, 5*k + 4*w = 18. Suppose -t + 593 = 2*b, -t - k*t + 599 = 2*b. Is b a composite number?
True
Let u(v) be the second derivative of 13*v**5/5 + v**4/12 - v**3/3 + 3*v**2/2 - 2*v. Let p(r) = 20*r - 138. Let h be p(7). Is u(h) a prime number?
True
Suppose -3*w + w - 3 = -z, 3*z + 4*w = -1. Let p(s) = 76*s**2 - 8*s + 9. Is p(z) a composite number?
True
Suppose -119622 = -2*y + 5*d, -15*d + 19*d = 2*y - 119626. Is y composite?
True
Let v(s) = -932*s**3 - 17*s**2 - 40*s + 83. Is v(-6) composite?
True
Suppose -3*n = -5*n + 9864. Suppose 4*z - n - 23676 = 0. Suppose -25338 + z = -6*d. Is d composite?
True
Let s be (6/12)/(1/10) - -361. Suppose 0*x - 3*x = -6. Suppose -5*a + 4*p + 957 - s = 0, 3*p + 235 = x*a. Is a prime?
False
Suppose 86*n - 1395885 - 648967 - 519582 = 0. Is n a prime number?
True
Let o be (3/6)/(11/(-132)). Let h(f) = -15*f**3 + 3*f**2 + 5*f + 35. Is h(o) a composite number?
True
Suppose 4*u + 21 = 3*f, 3*u = 1 - 10. Suppose y + f = 0, -8*y - 12828 = -3*v - 3*y. Is v a composite number?
False
Let s(f) = 279*f**3 + 5*f**2 - 5*f - 37. Let o be s(7). Suppose 9*r + r - o = 0. Is r a composite number?
False
Is (5257957 - (12 + -12))/5 + 2/(-5) a prime number?
True
Suppose 2*h + 23*j = 24*j + 10, 3*h = 5*j + 1. Suppose -2*z + 24753 = 5*s, h*s - 6*s = -1. Is z a composite number?
False
Let b(z) = 18*z**2 + 5*z - 9. Let q = -75 - -71. Let o be b(q). Is (o/(-3))/7*-9 prime?
False
Let c be (-5)/((-4)/(-6)*(-21)/28). Suppose -3*f + c*f = 42. Suppose -5409 = -f*b + 10353. Is b a composite number?
True
Is (-3 + 4552100/(-12))/(12 + (-418)/33) a composite number?
True
Let o be ((-52)/(-8) + -3)*-96. Let p = o + -29. Let w = p + 624. Is w prime?
False
Let u(k) be the second derivative of 7*k**4/12 - 3*k**3/2 + 7*k**2/2 - 9*k + 3. Is u(12) composite?
False
Suppose -4*w + 28*w - 1213655 = 1438657. Is w a composite number?
True
Let w = 35254 + -20801. Is w a composite number?
True
Let a be 1*3/(-6)*0. Suppose -j - 25 = -4*p, a = 4*j + p + 3*p. Let l(h) = -h**3 + h**2 + 5*h - 4. Is l(j) prime?
False
Let v be (-5)/((-20)/24) + -4. Suppose 0 = 2*t - n - 667, -n = -v*t - 2*n + 657. Is t a prime number?
True
Suppose -59*d = -577282 - 93489. Is d composite?
False
Let h be 9 + -6*(5 - 4). Suppose 4*y = 3*l + y - 2628, 2633 = h*l + 2*y. Is l a composite number?
False
Suppose 338464 - 1088158 = -222*x. Is x prime?
False
Suppose 35822 + 5776 = 9*z. Suppose -z = -3*n + 4*h, -5*n + 5*h = -32 - 7668. Is n prime?
False
Suppose 9*j - 15624 = 2*j. Suppose -u = -1945 - j. Is u composite?
False
Let w(q) = 128*q**2 - 7*q - 22. Suppose g - 6*g + 51 = -2*h, 2*g + 3*h - 28 = 0. Let o be w(g). Suppose -17*s = -6*s - o. Is s a composite number?
False
Is -2*-14109*11/66 a prime number?
True
Suppose 4*q - 39840 = -8*i, 3*q - 3*i - 29929 = -2*i. Is q composite?
True
Let s(b) = -4704*b**3 - b. Let m be s(-1). Suppose 7*j - m = 1672. Is j prime?
True
Let j(t) = 4*t + 47. Let q be j(-10). Let a(r) = 59*r**2 + 4*r - 58. Is a(q) a composite number?
False
Suppose 3*u - 3063397 = -1216774. Is u composite?
True
Suppose -2*n = -1241 - 11105. Let o = 10938 - n. Is o a composite number?
True
Suppose 6*y + 1 = 7*y. Is y/((-4)/(-4192)) - 3/(-3) prime?
True
Let h = -349 - -137. Let d = 279 + h. Is d a composite number?
False
Let m(j) = 7*j**2 + j - 1. Let r be m(-1). Let c(b) = 13 + 6 + 0*b**2 + r*b**2 + 17*b - 4*b**2. Is c(-19) composite?
True
Is (-20)/(-5) - (-15 + -92098) a prime number?
False
Suppose 41*v = 37*v + 816844. Is v composite?
True
Let a(v) = 1749*v - 136. Let k = -7 + 16. Is a(k) a prime number?
False
Let n(b) = 2810*b + 9885. Is n(35) a prime number?
False
Suppose 2*l = 2*g + 13322, -28 + 26 = l. Let o = -2128 - g. Is o a prime number?
False
Suppose 13*v - 384811 = 12*v - 3*h, 0 = 6*v - 3*h - 2308908. Is v composite?
False
Suppose -3*d = 4*t + 109142 - 1697979, 2*d = 3*t + 1059253. Is d a composite number?
False
Let c(q) = 135*q**2 + 67*q - 1501. Is c(39) composite?
False
Let q = 24 - 16. Let f = q + -5. Suppose 0 = -f*c + 7*c - 424. Is c composite?
True
Let z = 40 + -40. Suppose z = -5*b + 75778 + 165897. Suppose 0*o + b = 7*o. Is o a composite number?
True
Suppose 98209 = 42*r - 25*r. Is r a composite number?
True
Suppose 0 = 34*m - 22880706 - 2896700. Is m composite?
False
Suppose -5*x - 5*k = -60, 0*x + 3*k - 10 = -x. Suppose -20*q = -x*q - 166271. Is q a composite number?
False
Let j = -26471 - -56514. Suppose -12*h + 116455 = j. Is h prime?
False
Let z = -244 + 232. Is 3081 + z + 0 + -2 prime?
True
Let v(a) = 20*a**3 + 2*a**2 + 2*a - 5. Let i = -58 - -60. Suppose -16 = -6*s + i*s. Is v(s) a prime number?
False
Let k(g) = g**2 - 36*g + 278. Let d be k(25). Suppose 5*b = 5*x + 1665, 0 = -b + 5*b + x - 1322. Is (5 - d/1)*b/2 composite?
False
Is 283789 + 28/((-154)/(-22)) a composite number?
False
Let w(l) = 3766*l - 418. Is w(14) prime?
False
Suppose -58*n + 14*n + 22*n + 70